[INFO] cloning repository https://github.com/jrieck1991/pdb
[INFO] running `Command { std: "git" "-c" "credential.helper=" "-c" "credential.helper=/workspace/cargo-home/bin/git-credential-null" "clone" "--bare" "https://github.com/jrieck1991/pdb" "/workspace/cache/git-repos/https%3A%2F%2Fgithub.com%2Fjrieck1991%2Fpdb", kill_on_drop: false }`
[INFO] [stderr] Cloning into bare repository '/workspace/cache/git-repos/https%3A%2F%2Fgithub.com%2Fjrieck1991%2Fpdb'...
[INFO] running `Command { std: "git" "rev-parse" "HEAD", kill_on_drop: false }`
[INFO] [stdout] f33ccf5d65dc0373b572a97bca89be25e0554f17
[INFO] building jrieck1991/pdb against master#ff34b919075f35a1787659e9c448a34b06bab8de for issue-85264
[INFO] running `Command { std: "git" "clone" "/workspace/cache/git-repos/https%3A%2F%2Fgithub.com%2Fjrieck1991%2Fpdb" "/workspace/builds/worker-4/source", kill_on_drop: false }`
[INFO] [stderr] Cloning into '/workspace/builds/worker-4/source'...
[INFO] [stderr] done.
[INFO] validating manifest of git repo https://github.com/jrieck1991/pdb on toolchain ff34b919075f35a1787659e9c448a34b06bab8de
[INFO] running `Command { std: "/workspace/cargo-home/bin/cargo" "+ff34b919075f35a1787659e9c448a34b06bab8de" "metadata" "--manifest-path" "Cargo.toml" "--no-deps", kill_on_drop: false }`
[INFO] started tweaking git repo https://github.com/jrieck1991/pdb
[INFO] finished tweaking git repo https://github.com/jrieck1991/pdb
[INFO] tweaked toml for git repo https://github.com/jrieck1991/pdb written to /workspace/builds/worker-4/source/Cargo.toml
[INFO] running `Command { std: "/workspace/cargo-home/bin/cargo" "+ff34b919075f35a1787659e9c448a34b06bab8de" "generate-lockfile" "--manifest-path" "Cargo.toml" "-Zno-index-update", kill_on_drop: false }`
[INFO] running `Command { std: "/workspace/cargo-home/bin/cargo" "+ff34b919075f35a1787659e9c448a34b06bab8de" "fetch" "--manifest-path" "Cargo.toml", kill_on_drop: false }`
[INFO] running `Command { std: "docker" "create" "-v" "/var/lib/crater-agent-workspace/builds/worker-4/target:/opt/rustwide/target:rw,Z" "-v" "/var/lib/crater-agent-workspace/builds/worker-4/source:/opt/rustwide/workdir:ro,Z" "-v" "/var/lib/crater-agent-workspace/cargo-home:/opt/rustwide/cargo-home:ro,Z" "-v" "/var/lib/crater-agent-workspace/rustup-home:/opt/rustwide/rustup-home:ro,Z" "-e" "SOURCE_DIR=/opt/rustwide/workdir" "-e" "CARGO_TARGET_DIR=/opt/rustwide/target" "-e" "CARGO_HOME=/opt/rustwide/cargo-home" "-e" "RUSTUP_HOME=/opt/rustwide/rustup-home" "-w" "/opt/rustwide/workdir" "-m" "1610612736" "--user" "0:0" "--network" "none" "ghcr.io/rust-lang/crates-build-env/linux@sha256:20528e8c29e4536546f0102ce88568b16ea7538393a33fcca951030f7af10457" "/opt/rustwide/cargo-home/bin/cargo" "+ff34b919075f35a1787659e9c448a34b06bab8de" "metadata" "--no-deps" "--format-version=1", kill_on_drop: false }`
[INFO] [stderr] WARNING: Your kernel does not support swap limit capabilities or the cgroup is not mounted. Memory limited without swap.
[INFO] [stdout] 358b8c7292a97f6975fda2d352d0fcc61dbd8ef6cf90c1163a86c46fd422d902
[INFO] running `Command { std: "docker" "start" "-a" "358b8c7292a97f6975fda2d352d0fcc61dbd8ef6cf90c1163a86c46fd422d902", kill_on_drop: false }`
[INFO] running `Command { std: "docker" "inspect" "358b8c7292a97f6975fda2d352d0fcc61dbd8ef6cf90c1163a86c46fd422d902", kill_on_drop: false }`
[INFO] running `Command { std: "docker" "rm" "-f" "358b8c7292a97f6975fda2d352d0fcc61dbd8ef6cf90c1163a86c46fd422d902", kill_on_drop: false }`
[INFO] [stdout] 358b8c7292a97f6975fda2d352d0fcc61dbd8ef6cf90c1163a86c46fd422d902
[INFO] running `Command { std: "docker" "create" "-v" "/var/lib/crater-agent-workspace/builds/worker-4/target:/opt/rustwide/target:rw,Z" "-v" "/var/lib/crater-agent-workspace/builds/worker-4/source:/opt/rustwide/workdir:ro,Z" "-v" "/var/lib/crater-agent-workspace/cargo-home:/opt/rustwide/cargo-home:ro,Z" "-v" "/var/lib/crater-agent-workspace/rustup-home:/opt/rustwide/rustup-home:ro,Z" "-e" "SOURCE_DIR=/opt/rustwide/workdir" "-e" "CARGO_TARGET_DIR=/opt/rustwide/target" "-e" "CARGO_INCREMENTAL=0" "-e" "RUST_BACKTRACE=full" "-e" "RUSTFLAGS=--cap-lints=forbid" "-e" "CARGO_HOME=/opt/rustwide/cargo-home" "-e" "RUSTUP_HOME=/opt/rustwide/rustup-home" "-w" "/opt/rustwide/workdir" "-m" "1610612736" "--user" "0:0" "--network" "none" "ghcr.io/rust-lang/crates-build-env/linux@sha256:20528e8c29e4536546f0102ce88568b16ea7538393a33fcca951030f7af10457" "/opt/rustwide/cargo-home/bin/cargo" "+ff34b919075f35a1787659e9c448a34b06bab8de" "build" "--frozen" "--message-format=json", kill_on_drop: false }`
[INFO] [stderr] WARNING: Your kernel does not support swap limit capabilities or the cgroup is not mounted. Memory limited without swap.
[INFO] [stdout] fadffcd20faf37ee826f043ee2de31c45915009e20e7292ba64b40ac70550455
[INFO] running `Command { std: "docker" "start" "-a" "fadffcd20faf37ee826f043ee2de31c45915009e20e7292ba64b40ac70550455", kill_on_drop: false }`
[INFO] [stderr]    Compiling cfg-if v1.0.0
[INFO] [stderr]    Compiling bitflags v1.2.1
[INFO] [stderr]    Compiling glob v0.3.0
[INFO] [stderr]    Compiling version_check v0.9.3
[INFO] [stderr]    Compiling memchr v2.4.0
[INFO] [stderr]    Compiling syn v1.0.72
[INFO] [stderr]    Compiling serde_derive v1.0.126
[INFO] [stderr]    Compiling typenum v1.13.0
[INFO] [stderr]    Compiling regex-syntax v0.6.25
[INFO] [stderr]    Compiling bindgen v0.57.0
[INFO] [stderr]    Compiling serde v1.0.126
[INFO] [stderr]    Compiling rustc-hash v1.1.0
[INFO] [stderr]    Compiling lazy_static v1.4.0
[INFO] [stderr]    Compiling shlex v0.1.1
[INFO] [stderr]    Compiling lazycell v1.3.0
[INFO] [stderr]    Compiling getrandom v0.1.16
[INFO] [stderr]    Compiling peeking_take_while v0.1.2
[INFO] [stderr]    Compiling ppv-lite86 v0.2.10
[INFO] [stderr]    Compiling opaque-debug v0.2.3
[INFO] [stderr]    Compiling byteorder v1.4.3
[INFO] [stderr]    Compiling libloading v0.7.0
[INFO] [stderr]    Compiling nom v5.1.2
[INFO] [stderr]    Compiling sgx-isa v0.3.3
[INFO] [stderr]    Compiling rand_core v0.5.1
[INFO] [stderr]    Compiling clang-sys v1.2.0
[INFO] [stderr]    Compiling rand_chacha v0.2.2
[INFO] [stderr]    Compiling rand v0.7.3
[INFO] [stderr]    Compiling generic-array v0.12.4
[INFO] [stderr]    Compiling block-cipher-trait v0.6.2
[INFO] [stderr]    Compiling aes-soft v0.3.3
[INFO] [stderr]    Compiling regex v1.5.4
[INFO] [stderr]    Compiling aes v0.3.2
[INFO] [stderr]    Compiling cexpr v0.4.0
[INFO] [stderr]    Compiling librocksdb-sys v6.17.3
[INFO] [stderr]    Compiling bincode v1.3.3
[INFO] [stderr]    Compiling lib v0.1.0 (/opt/rustwide/workdir/lib)
[INFO] [stderr]    Compiling client v0.1.0 (/opt/rustwide/workdir/client)
[INFO] [stderr]    Compiling trusted v0.1.0 (/opt/rustwide/workdir/trusted)
[INFO] [stdout] error[E0599]: no function or associated item named `for_self` found for struct `sgx_isa::Report` in the current scope
[INFO] [stdout]   --> trusted/src/trusted/store/seal/mod.rs:20:26
[INFO] [stdout]    |
[INFO] [stdout] 20 |     let report = Report::for_self();
[INFO] [stdout]    |                          ^^^^^^^^ function or associated item not found in `sgx_isa::Report`
[INFO] [stdout] 
[INFO] [stdout] 
[INFO] [stdout] error[E0599]: no function or associated item named `for_self` found for struct `sgx_isa::Report` in the current scope
[INFO] [stdout]   --> trusted/src/trusted/store/seal/mod.rs:42:26
[INFO] [stdout]    |
[INFO] [stdout] 42 |     let report = Report::for_self();
[INFO] [stdout]    |                          ^^^^^^^^ function or associated item not found in `sgx_isa::Report`
[INFO] [stdout] 
[INFO] [stdout] 
[INFO] [stdout] error[E0599]: no method named `egetkey` found for struct `Keyrequest` in the current scope
[INFO] [stdout]   --> trusted/src/trusted/store/seal/mod.rs:72:6
[INFO] [stdout]    |
[INFO] [stdout] 72 |     .egetkey()
[INFO] [stdout]    |      ^^^^^^^ method not found in `Keyrequest`
[INFO] [stdout] 
[INFO] [stdout] 
[INFO] [stdout] error: aborting due to 3 previous errors
[INFO] [stdout] 
[INFO] [stdout] 
[INFO] [stdout] For more information about this error, try `rustc --explain E0599`.
[INFO] [stdout] 
[INFO] [stderr] error: could not compile `trusted`
[INFO] [stderr] 
[INFO] [stderr] To learn more, run the command again with --verbose.
[INFO] [stderr] warning: build failed, waiting for other jobs to finish...
[INFO] [stderr] The following warnings were emitted during compilation:
[INFO] [stderr] 
[INFO] [stderr] warning: c++: fatal error: Killed signal terminated program cc1plus
[INFO] [stderr] warning: compilation terminated.
[INFO] [stderr] warning: c++: fatal error: Killed signal terminated program cc1plus
[INFO] [stderr] warning: compilation terminated.
[INFO] [stderr] warning: c++: fatal error: Killed signal terminated program cc1plus
[INFO] [stderr] warning: compilation terminated.
[INFO] [stderr] warning: c++: fatal error: Killed signal terminated program cc1plus
[INFO] [stderr] warning: compilation terminated.
[INFO] [stderr] warning: c++: fatal error: Killed signal terminated program cc1plus
[INFO] [stderr] warning: compilation terminated.
[INFO] [stderr] 
[INFO] [stderr] error: build failed
[INFO] running `Command { std: "docker" "inspect" "fadffcd20faf37ee826f043ee2de31c45915009e20e7292ba64b40ac70550455", kill_on_drop: false }`
[INFO] running `Command { std: "docker" "rm" "-f" "fadffcd20faf37ee826f043ee2de31c45915009e20e7292ba64b40ac70550455", kill_on_drop: false }`
[INFO] [stdout] fadffcd20faf37ee826f043ee2de31c45915009e20e7292ba64b40ac70550455
